0 + l**4/2 - l**3 + 6*l**2 + 101*l. What is b(5)?
7
Let i = 34 + -19. Let c = i + -17. Let h = c - -4. Let f(v) = -v**3 + 2*v**2 - 3*v. What is f(h)?
-6
Let b be 1/(-4) + (-10)/(-8). Let f = b - 4. Let w(j) be the first derivative of -5*j**2/2 - j - 62. Give w(f).
14
Let r(n) = -3*n - 4. Let t = 60 + -56. Let j = -1 + 6. Let k(l) = 4*l + 5. Let p(q) = j*r(q) + t*k(q). What is p(-3)?
-3
Let s(t) = 3 - 3 + t. Let v = -920 + 916. What is s(v)?
-4
Let u(v) = v**3 - 6*v**2 - 7*v - 5. Let f be u(7). Suppose m + 22 - 25 = 0. Let g(o) = -7*o**2 + 5 + 0 - 5*o + 2 + o**2 - o**m. Give g(f).
7
Let x(s) be the second derivative of s**5/20 + s**4/12 - s**3/3 + s**2/2 - 2*s. Let w be (-1)/(-1) - (0 - -16). Let g = 17 + w. What is x(g)?
9
Let s(d) = 2*d + 3. Suppose 2*r = -3*t - 7, 11 = -5*r - 6*t + 5*t. Calculate s(r).
-1
Let t = 29 + -21. Let u(r) = -t - r - 2*r - 6*r - 8*r**2 - 4*r**3 + 3*r**3. Suppose -2*j + 3*i = 5, 5*i = j + 1 - 9. What is u(j)?
6
Let h(j) = j**3 - j + 2. Let f = 24 + -20. Suppose u - f + 0 = 0. Suppose -2 = -u*b + 6. Determine h(b).
8
Let q(w) = 24 - 8*w + w**2 - 2*w**2 - 18 - 14. What is q(-5)?
7
Let z be -3*(-20)/12 + -2. Suppose -j - j - 2*x + 14 = 0, -5*j + 4*x = -8. Let v(a) = 0*a**2 + a**z - 5*a - 2 - j - 6*a**2. What is v(7)?
8
Let g be (-2)/(-4)*0/6. Suppose g = -4*p + 4 + 16. Let h(m) be the first derivative of -m**3/3 + 5*m**2/2 + 2*m - 2. Calculate h(p).
2
Let r(d) = d + 26 - 10 - 13. Suppose -2*k = -4*p + 4, -7*k + 2*k + 5*p = 15. Give r(k).
-1
Let x(u) = -u**3 + 8*u**2 + 7*u + 12. Let n be 374/8 + (-1)/(-4). Suppose 5*v - n = -z, 2*v - 4*z + z - 12 = 0. Determine x(v).
-6
Let j(y) be the first derivative of 1/4*y**4 - y + 48 + 3/2*y**2 + 4/3*y**3. Calculate j(-4).
-13
Let v(o) = -o**3 + 5*o**2 + 7*o - 6. Let r be v(6). Let l(w) be the first derivative of w**4/4 - w**3/3 + 4*w + 5059. Give l(r).
4
Let h(c) = 2*c**2 + 5*c - 4. Let m be 2/(-11) + 138/33. Suppose l = -l + m. Suppose l*b = -9 + 1. Calculate h(b).
8
Suppose 5*l + r = -22, 0*l + 2*r + 12 = -2*l. Let d(u) = 5*u. Determine d(l).
-20
Suppose 0 = 3*d + 41*w - 45*w - 19, 4*d - 23 = 3*w. Let v(q) = 2*q**2 - 11*q + 9. Give v(d).
4
Let r(w) = w + 2*w - 10 - 2*w. Suppose -5*j - 66*v + 64*v + 6 = 0, 4*j + 3*v - 9 = 0. Calculate r(j).
-10
Let s(k) = k**2 + 1. Let y(g) = -3*g**2 - 2*g - 8. Let o(z) = -5*s(z) - y(z). Calculate o(0).
3
Let f(z) be the second derivative of -z**5/20 - z**4/2 - z**3/2 + 3*z**2/2 + 62*z. Calculate f(-4).
-17
Let t(g) = -17*g - 22. Let w be t(-1). Let b(d) = -d**3 - 5*d**2 + 2*d + 3. What is b(w)?
-7
Let m be (1 - 80/35) + (-6)/(-21). Let u(l) = -l**2 - 8*l - 2. Let b(h) = h + 1. Let d(z) = m*u(z) - 5*b(z). Determine d(2).
7
Suppose t + 3 = 2*t. Let n(o) be the second derivative of -o**5/20 + o**4/6 + o**3/2 - o**2 + 9*o + 1. What is n(t)?
-2
Let r(m) be the third derivative of m**6/120 - m**5/30 + m**4/6 - m**3/2 + 21*m**2. Let d be (-18)/(-8)*(-8)/(-6). Give r(d).
18
Let a = 8 - 6. Let v(q) = -5*q**3 + 0*q**3 + 7*q**a + 3 - 8*q + 4*q**3 + 5. Let r(n) = 3*n - 15. Let m be r(7). What is v(m)?
-4
Let m(j) be the third derivative of -j**7/5040 - 13*j**6/720 + 19*j**5/60 + 41*j**2. Let q(n) be the third derivative of m(n). Give q(-9).
-4
Let z = -37 - -42. Let p(w) = 0*w - 4 - 2*w + z*w. Give p(-3).
-13
Let v(t) be the third derivative of -t**6/120 + 7*t**5/60 - t**4/24 - t**3/2 + 275*t**2. Give v(7).
-10
Let d = -21 - -21. Let j be d/(-6) - (-2 - 0). Let i(r) = 4*r + r**3 - 3 - 5*r**j + 2 - 1 - 3. Determine i(4).
-5
Let i(g) = -g**3 + 2*g. Let r be 5/(30/8)*(-108)/(-24). Let b(p) = -p**2 + 4*p + 14. Let a be b(r). Calculate i(a).
-4
Let i(r) be the first derivative of -15*r**2 + r - 32. Determine i(-1).
31
Let l(g) = 11*g + 26*g**2 - 35*g**2 - 1 - 3. Let t(s) = 5*s**2 - 6*s + 2. Let v(j) = -4*l(j) - 7*t(j). Suppose 19 = -2*m - 5*f, 3*m + 3*f = -f - 11. Give v(m).
5
Let z = -1388 + 1389. Let o(x) = -x**2 - 2*x + 2*x**3 + 3*x**2 - 4*x**3 + 1. Determine o(z).
-1
Suppose 9*r - 3*r - 24 = 0. Suppose r*w - 5*m - 4 = 0, 5*w = -0*m + 2*m + 22. Suppose 2*s = -s - w. Let i(c) = -c**3 + c**2 + 2*c. Give i(s).
8
Let y be 240/(-4)*(-4)/10. Let t(a) = 25*a**2 - 3*a + 2 - 72*a**2 + 22*a**2 + y*a**2. Give t(-5).
-8
Let v(p) = -p**3 + 20*p**2 + 19*p + 40. Let o be v(21). Let z(q) = q + 2. What is z(o)?
0
Suppose 0 = 300*w - 299*w - 8. Let o(b) = b**3 - 8*b**2 + 7*b - 10. What is o(w)?
46
Suppose 4*y - 2*t = 14 - 4, -3*t - 6 = -3*y. Let u(q) be the third derivative of 1/24*q**4 + 0*q + 0 + q**2 + 1/6*q**y. Determine u(3).
4
Let a(t) = 19*t - t + t**3 + 7 + 0*t - 9*t**2 - 9*t - t. Determine a(8).
7
Let v(y) = -38*y**3 - 59*y**2 - 49*y + 54. Let z(b) = 7*b**3 + 12*b**2 + 10*b - 11. Let p(h) = 2*v(h) + 11*z(h). What is p(-13)?
0
Let z(d) = 2*d + 39. Let j(p) = 2. Let t(u) = -4*j(u) + z(u). What is t(-14)?
3
Let a(n) be the third derivative of -n**6/120 - n**5/12 - 5*n**4/24 + n**3/2 - 9*n**2. What is a(-4)?
7
Suppose -5*h + h = 3*c - 21, 4*c - h - 28 = 0. Let n(j) = -j + 2*j - 3 + 1. What is n(c)?
5
Let i(h) = -4*h**3 + 3*h**2 - 3*h + 4. Suppose 6*d - 60 = -9*d. Let l(j) = 3*j**3 - 2*j**2 + 2*j - 3. Let s(g) = d*i(g) + 5*l(g). Give s(1).
0
Let x(s) be the third derivative of -1/3*s**4 - 1 - 23*s**2 + 1/6*s**3 + 0*s. Determine x(-1).
9
Let s(t) = -6*t**2 - 4*t. Let x be (-4)/(-22) - (-175)/(-55). Calculate s(x).
-42
Let n(s) = -s**3 - 4*s**2 + 5*s + 4. Let b be n(-5). Let y(v) = 0 - 5 + b - 12*v. Suppose 31*l - 19 = 12. Calculate y(l).
-13
Suppose 0 = -2*w - 4, 4*j - 3 = 3*w + 15. Suppose 19*y = 76 + 57. Let x(t) = -y*t + 2 - 7 + 1 + j. Calculate x(-1).
6
Let a(j) = 2*j**2 + 2*j - 2. Let o(y) = 9*y**2 - 2*y - 11. Let i(z) = -4*a(z) + o(z). What is i(11)?
8
Let y be (4 - -4) + -3 + 1. Suppose j = -4*t + 14, 3*j + 0*j - 22 = -2*t. Let d(z) = -j*z - 3*z**2 + z - 3*z**2 + y*z + 1. Give d(-1).
-6
Let v(t) = -t**3 - 9*t**2 + 2*t + 10. Let c be ((-10)/(-4) + -7)/((-2)/(-4)). Give v(c).
-8
Let s(b) be the third derivative of b**5/30 - b**4/8 + 5*b**3/6 - 2*b**2 + 62*b. Determine s(2).
7
Suppose -p = y - 6, -4*p + 2*y - 4 = -10. Let w(l) = l**3 - 5*l**2 + 5*l - 4. Give w(p).
-7
Suppose -7*i = -3*x - 2*i + 3, 5*x - 42 = -4*i. Let c(w) = x - 36*w + 28*w - 5. Calculate c(-1).
9
Suppose 0 = 2*u - 3*t - 17, -3*t + 18 = 2*u - 5*t. Let r(l) = 95*l**2 - 102*l**2 + u*l - l**3 + 4 + 0*l. What is r(-8)?
-12
Let o(j) = -3*j**3 - j**2 + j + 1. Let z be o(-1). Let s(t) be the third derivative of -t**4/24 - t**3/3 + 41*t**2 - 1. Calculate s(z).
-4
Let n(y) be the second derivative of 4*y**3/3 - 9*y**2/2 + 23*y. Let q be n(2). Let i(s) = -s + 17. What is i(q)?
10
Let t(g) be the third derivative of -g**5/60 + g**4/24 - g**3/3 + 3*g**2 + 18. Determine t(3).
-8
Let r(k) = k**3 + 5*k**2 - k + 5. Let p be ((-3)/(-2))/(51/(-170)). Give r(p).
10
Let q(a) = a**3 + 4*a**2 - 6*a - 2. Let d be (1/(-3))/((-12)/(-216)). Give q(d).
-38
Let r(i) be the second derivative of -17*i**3/6 - i**2/2 - 25*i - 8. What is r(-1)?
16
Suppose -m + 31 = 3*l + l, 0 = -4*l + 4*m + 16. Let z(x) be the third derivative of x**5/60 - 7*x**4/24 - 7*x**3/6 + 581*x**2. What is z(l)?
-7
Let o(b) = -b**2 - 11*b + 15. Let n(s) = -s**2 - 12*s + 16. Let q(y) = -5*n(y) + 6*o(y). Give q(-6).
10
Suppose -4*z = -7*z. Let c be -4 - 1/(-3)*z. Let d(v) = v**2 + 1 + 2 + 4*v + 0. Determine d(c).
3
Let y = -72 - -81. Let o(v) = 13*v + 3*v + 9*v**2 + y - v**3 - 12 - 5*v. Determine o(10).
7
Let b(r) = 2 + 2409*r - 20 - 2403*r. Calculate b(6).
18
Let s(q) = -8*q**2 - 26 + 0*q**3 + 33 + 8*q - 13 + q**3. Give s(6).
-30
Let k(x) = -2*x**2 - 6*x - 3. Let y(p) = -p**2 + 3*p + 2. Let i be y(4). Let u be k(i). Let r(j) = -2*j - 1. Calculate r(u).
-3
Let k = -123 - -125. Suppose -2*f - f + k*f = 0. Let b(o) = -o - 3. Determine b(f).
-3
Let l = 38 - 36. Let m(u) = 7*u + 1. Let c(v) = 2*v. Let r(t) = 9*c(t) - 2*m(t). What is r(l)?
6
Suppose 0 = -3*l + 12 - 21. Let o(k) = -2 + 3 + 4*k**2 - 2*k**3 + 3*k + 3*k**3. Determine o(l).
1
Let n(k) = -4*k + 35. Let y be n(8). Let x(v) = -1615*v**3 + 0*v + v + 1616*v**y + 7. Calculate x(0).
7
Suppose 8 = -0*a - a. Let b = a - -11. Let i(w) = 2*w - 4 - b*w + 2*w - 3*w. Determine i(-5).
6
Let m(l) = l**2 + 5*l + 3. Suppose 0 = -f - z - 4, -4*z + 18 = -2*f - z. What is m(f)?
9
Let f(l) = -3*l - 6. Suppose 0 = -s + 14*s 